{"id":772,"date":"2019-05-21T14:34:41","date_gmt":"2019-05-21T12:34:41","guid":{"rendered":"http:\/\/sehnsuchtsmuseum.de\/schau\/?page_id=772"},"modified":"2021-09-11T15:47:43","modified_gmt":"2021-09-11T13:47:43","slug":"halt-finden-in-konstanten","status":"publish","type":"page","link":"http:\/\/sehnsuchtsmuseum.de\/schau\/katalog-3\/halt-finden-in-konstanten\/","title":{"rendered":"Halt finden in Konstanten"},"content":{"rendered":"\n<div class=\"wp-block-columns alignwide is-layout-flex wp-container-core-columns-is-layout-8f761849 wp-block-columns-is-layout-flex\">\n<div class=\"wp-block-column is-layout-flow wp-block-column-is-layout-flow\" style=\"flex-basis:50%\">\n<figure class=\"wp-block-image\"><img loading=\"lazy\" decoding=\"async\" width=\"1024\" height=\"680\" src=\"http:\/\/sehnsuchtsmuseum.de\/schau\/wp-content\/uploads\/2019\/05\/INSK1650-1024x680.jpg\" alt=\"\" class=\"wp-image-775\" srcset=\"http:\/\/sehnsuchtsmuseum.de\/schau\/wp-content\/uploads\/2019\/05\/INSK1650-1024x680.jpg 1024w, http:\/\/sehnsuchtsmuseum.de\/schau\/wp-content\/uploads\/2019\/05\/INSK1650-300x199.jpg 300w, http:\/\/sehnsuchtsmuseum.de\/schau\/wp-content\/uploads\/2019\/05\/INSK1650-768x510.jpg 768w, http:\/\/sehnsuchtsmuseum.de\/schau\/wp-content\/uploads\/2019\/05\/INSK1650.jpg 1181w\" sizes=\"auto, (max-width: 1024px) 100vw, 1024px\" \/><\/figure>\n\n\n\n<p class=\"wp-block-paragraph\">Die Zeit und ihre F\u00fclle an Zeugnissen rast an uns vor\u00fcber, schneller als wir imstande sind wahrzunehmen, aufzunehmen und zu verarbeiten. Was geschieht mit den Dingen, die durch die Maschen unserer Aufmerksamkeit gefallen sind, uns aber dennoch pr\u00e4gen \u2013 unser Weltbild, unser Sch\u00f6nheitsbild, unsere Kultur?<\/p>\n\n\n\n<p class=\"wp-block-paragraph\">Als bewegte sich Inka Perl au\u00dferhalb der Zeit in einer Beobachterposition, scheint ihr jene M\u00f6glichkeit zu eigen, ihre Aufmerksamkeit den Dingen zu widmen, die durch das gesellschaftliche Wertsystem fielen und diese zu speichern. Sie ist Medium der Dinge, die nicht vergessen werden d\u00fcrfen. Insofern ist Inka Perl eine Art H\u00fcterin unserer Kultur und erf\u00fcllt eine Ged\u00e4chtnisfunktion. Sie breitet ihre R\u00f6cke aus und f\u00e4ngt die Sch\u00f6nheit auf, die wie Plankton in die Tiefe des Unterbewusstseins der Gesellschaft sinkt. Sie sammelt, verdichtet und \u00fcbersetzt. So bekommt das Unterbewusste ein Gesicht und erm\u00f6glicht uns, zu erkennen, was sich uns bisher als Wert nicht erschlossen hat.<\/p>\n\n\n\n<p class=\"wp-block-paragraph\">So beginnt ihr Werk und entsteht immerfort in ihren R\u00e4umen, wie ein Protokoll. Es ist wie erinnern, wenn ich Inka Perl in diesen R\u00e4umen besuche. Insofern eine Art heimkommen, weil ich bei ihr auf Dinge treffe, die mir vertraut scheinen, ohne zu wissen wo ich ihnen begegnete. Eine Konfrontation mit eigenen unterbewussten Pr\u00e4gungen, die mein Empfinden f\u00fcr Heimat, Identit\u00e4t, Geborgenheit, Sch\u00f6nheit usw. ausmachen.<\/p>\n\n\n\n<p class=\"wp-block-paragraph\">Das Erleben ihres Werkes hat auch einen Moment des Schreckens. Denn das was wir sehen, dokumentiert das Leben schon in dem Moment wo es geschieht und geht davon aus, dass ein Weiterleben nicht vorgesehen ist.<\/p>\n<\/div>\n\n\n\n<div class=\"wp-block-column is-layout-flow wp-block-column-is-layout-flow\" style=\"flex-basis:50%\">\n<p class=\"wp-block-paragraph\">Es k\u00f6nnte der Blick in eine Zukunft sein, in der Glitzerstaub in der Nachmittagssonne eines ge\u00f6ffneten Fensters mit wehenden Gardinen der Vergangenheit angeh\u00f6rt.<\/p>\n\n\n\n<p class=\"wp-block-paragraph\">Was so entsteht, ist Teil des Kulturgutes und nicht als Produkt f\u00fcr einen Kunstmarkt angelegt. Die Objekte in Inkas R\u00e4umen sind Entit\u00e4ten, \u00fcber die wir Zugang erhalten zu einem Teil in uns selbst, dem wir wenig Beachtung schenken. Deshalb ist es \u00fcberraschend zu entdecken, wieviel Sch\u00f6nheit darin ist.<br><br>Inka Perls k\u00fcnstlerische Intention des Bewahrens von Werten vermittelt sich durch die Objekte ihres Werkes und deren spezielle Zusammenstellung, die den Blick des Betrachters sch\u00e4rft.<\/p>\n\n\n\n<p class=\"wp-block-paragraph\">Ihr Werk vervollkommnet sich aber auf besondere Weise durch die Pr\u00e4senz ihrer Person, weil sie es lebt und belebt und die Nuancen der Ver\u00ad\u200b\u00e4nderung, die die Zeit mit sich bringt, als Bewegung in ihr Werk \u00fcbersetzt.<\/p>\n\n\n\n<p class=\"wp-block-paragraph\">Die M\u00f6glichkeit, diesen Ort \u00f6ffentlich zug\u00e4nglich zu machen ist ein gesellschaftsrelevanter Beitrag. Das Werk von Inka Perl ist das Ge\u00adschenk an diese Gesellschaft, einen Ort besuchen zu k\u00f6nnen, wo man doch noch erfahren kann, was zu schnell vor\u00fcber flog. Das ist ein Prozess, den man sich im normalen Leben h\u00e4ufig w\u00fcnscht, der jedoch unrealistisch ist. Ein Ort der Sehnsucht, weil er Innehalten erm\u00f6glicht und der Verbindung mit dem Unterbewussten Raum macht. Eine Konstante, an der ich teilhaben darf, jedes Mal wenn mich Inka durch ihre R\u00e4ume f\u00fchrt und mir die Neuank\u00f6mmlinge in ihrem Werk vorstellt.<\/p>\n\n\n\n<h5 class=\"wp-block-heading\">Louise Walleneit <br>K\u00fcnstlerin und Kuratorin, Leipzig<\/h5>\n<\/div>\n<\/div>\n\n\n\n<div class=\"wp-block-columns is-layout-flex wp-container-core-columns-is-layout-8f761849 wp-block-columns-is-layout-flex\">\n<div class=\"wp-block-column is-layout-flow wp-block-column-is-layout-flow\"><\/div>\n\n\n\n<div class=\"wp-block-column is-layout-flow wp-block-column-is-layout-flow\">\n<p class=\"has-small-font-size wp-block-paragraph\"><\/p>\n<\/div>\n<\/div>\n","protected":false},"excerpt":{"rendered":"<p>Die Zeit und ihre F\u00fclle an Zeugnissen rast an uns vor\u00fcber, schneller als wir imstande sind wahrzunehmen, aufzunehmen und zu verarbeiten. Was geschieht mit den Dingen, die durch die Maschen unserer Aufmerksamkeit gefallen sind, uns aber dennoch pr\u00e4gen \u2013 unser Weltbild, unser Sch\u00f6nheitsbild, unsere Kultur? &hellip; <a href=\"http:\/\/sehnsuchtsmuseum.de\/schau\/katalog-3\/halt-finden-in-konstanten\/\" class=\"more-link\"><span>Continue reading<span class=\"screen-reader-text\">Halt finden in Konstanten<\/span><\/span><\/a><\/p>\n","protected":false},"author":1,"featured_media":0,"parent":720,"menu_order":3,"comment_status":"closed","ping_status":"closed","template":"","meta":{"_crdt_document":"","ngg_post_thumbnail":0,"footnotes":""},"class_list":["post-772","page","type-page","status-publish","hentry"],"_links":{"self":[{"href":"http:\/\/sehnsuchtsmuseum.de\/schau\/wp-json\/wp\/v2\/pages\/772","targetHints":{"allow":["GET"]}}],"collection":[{"href":"http:\/\/sehnsuchtsmuseum.de\/schau\/wp-json\/wp\/v2\/pages"}],"about":[{"href":"http:\/\/sehnsuchtsmuseum.de\/schau\/wp-json\/wp\/v2\/types\/page"}],"author":[{"embeddable":true,"href":"http:\/\/sehnsuchtsmuseum.de\/schau\/wp-json\/wp\/v2\/users\/1"}],"replies":[{"embeddable":true,"href":"http:\/\/sehnsuchtsmuseum.de\/schau\/wp-json\/wp\/v2\/comments?post=772"}],"version-history":[{"count":7,"href":"http:\/\/sehnsuchtsmuseum.de\/schau\/wp-json\/wp\/v2\/pages\/772\/revisions"}],"predecessor-version":[{"id":1528,"href":"http:\/\/sehnsuchtsmuseum.de\/schau\/wp-json\/wp\/v2\/pages\/772\/revisions\/1528"}],"up":[{"embeddable":true,"href":"http:\/\/sehnsuchtsmuseum.de\/schau\/wp-json\/wp\/v2\/pages\/720"}],"wp:attachment":[{"href":"http:\/\/sehnsuchtsmuseum.de\/schau\/wp-json\/wp\/v2\/media?parent=772"}],"curies":[{"name":"wp","href":"https:\/\/api.w.org\/{rel}","templated":true}]}}

<div class="wp-block-columns alignwide is-layout-flex wp-container-core-columns-is-layout-8f761849 wp-block-columns-is-layout-flex">
<div class="wp-block-column is-layout-flow wp-block-column-is-layout-flow" style="flex-basis:50%">
<figure class="wp-block-image"><img loading="lazy" decoding="async" width="1024" height="680" src="http://sehnsuchtsmuseum.de/schau/wp-content/uploads/2019/05/INSK1650-1024x680.jpg" alt="" class="wp-image-775" srcset="http://sehnsuchtsmuseum.de/schau/wp-content/uploads/2019/05/INSK1650-1024x680.jpg 1024w, http://sehnsuchtsmuseum.de/schau/wp-content/uploads/2019/05/INSK1650-300x199.jpg 300w, http://sehnsuchtsmuseum.de/schau/wp-content/uploads/2019/05/INSK1650-768x510.jpg 768w, http://sehnsuchtsmuseum.de/schau/wp-content/uploads/2019/05/INSK1650.jpg 1181w" sizes="auto, (max-width: 1024px) 100vw, 1024px" /></figure>



<p class="wp-block-paragraph">Die Zeit und ihre Fülle an Zeugnissen rast an uns vorüber, schneller als wir imstande sind wahrzunehmen, aufzunehmen und zu verarbeiten. Was geschieht mit den Dingen, die durch die Maschen unserer Aufmerksamkeit gefallen sind, uns aber dennoch prägen – unser Weltbild, unser Schönheitsbild, unsere Kultur?</p>



<p class="wp-block-paragraph">Als bewegte sich Inka Perl außerhalb der Zeit in einer Beobachterposition, scheint ihr jene Möglichkeit zu eigen, ihre Aufmerksamkeit den Dingen zu widmen, die durch das gesellschaftliche Wertsystem fielen und diese zu speichern. Sie ist Medium der Dinge, die nicht vergessen werden dürfen. Insofern ist Inka Perl eine Art Hüterin unserer Kultur und erfüllt eine Gedächtnisfunktion. Sie breitet ihre Röcke aus und fängt die Schönheit auf, die wie Plankton in die Tiefe des Unterbewusstseins der Gesellschaft sinkt. Sie sammelt, verdichtet und übersetzt. So bekommt das Unterbewusste ein Gesicht und ermöglicht uns, zu erkennen, was sich uns bisher als Wert nicht erschlossen hat.</p>



<p class="wp-block-paragraph">So beginnt ihr Werk und entsteht immerfort in ihren Räumen, wie ein Protokoll. Es ist wie erinnern, wenn ich Inka Perl in diesen Räumen besuche. Insofern eine Art heimkommen, weil ich bei ihr auf Dinge treffe, die mir vertraut scheinen, ohne zu wissen wo ich ihnen begegnete. Eine Konfrontation mit eigenen unterbewussten Prägungen, die mein Empfinden für Heimat, Identität, Geborgenheit, Schönheit usw. ausmachen.</p>



<p class="wp-block-paragraph">Das Erleben ihres Werkes hat auch einen Moment des Schreckens. Denn das was wir sehen, dokumentiert das Leben schon in dem Moment wo es geschieht und geht davon aus, dass ein Weiterleben nicht vorgesehen ist.</p>
</div>



<div class="wp-block-column is-layout-flow wp-block-column-is-layout-flow" style="flex-basis:50%">
<p class="wp-block-paragraph">Es könnte der Blick in eine Zukunft sein, in der Glitzerstaub in der Nachmittagssonne eines geöffneten Fensters mit wehenden Gardinen der Vergangenheit angehört.</p>



<p class="wp-block-paragraph">Was so entsteht, ist Teil des Kulturgutes und nicht als Produkt für einen Kunstmarkt angelegt. Die Objekte in Inkas Räumen sind Entitäten, über die wir Zugang erhalten zu einem Teil in uns selbst, dem wir wenig Beachtung schenken. Deshalb ist es überraschend zu entdecken, wieviel Schönheit darin ist.<br><br>Inka Perls künstlerische Intention des Bewahrens von Werten vermittelt sich durch die Objekte ihres Werkes und deren spezielle Zusammenstellung, die den Blick des Betrachters schärft.</p>



<p class="wp-block-paragraph">Ihr Werk vervollkommnet sich aber auf besondere Weise durch die Präsenz ihrer Person, weil sie es lebt und belebt und die Nuancen der Ver­​änderung, die die Zeit mit sich bringt, als Bewegung in ihr Werk übersetzt.</p>



<p class="wp-block-paragraph">Die Möglichkeit, diesen Ort öffentlich zugänglich zu machen ist ein gesellschaftsrelevanter Beitrag. Das Werk von Inka Perl ist das Ge­schenk an diese Gesellschaft, einen Ort besuchen zu können, wo man doch noch erfahren kann, was zu schnell vorüber flog. Das ist ein Prozess, den man sich im normalen Leben häufig wünscht, der jedoch unrealistisch ist. Ein Ort der Sehnsucht, weil er Innehalten ermöglicht und der Verbindung mit dem Unterbewussten Raum macht. Eine Konstante, an der ich teilhaben darf, jedes Mal wenn mich Inka durch ihre Räume führt und mir die Neuankömmlinge in ihrem Werk vorstellt.</p>



<h5 class="wp-block-heading">Louise Walleneit <br>Künstlerin und Kuratorin, Leipzig</h5>
</div>
</div>



<div class="wp-block-columns is-layout-flex wp-container-core-columns-is-layout-8f761849 wp-block-columns-is-layout-flex">
<div class="wp-block-column is-layout-flow wp-block-column-is-layout-flow"></div>



<div class="wp-block-column is-layout-flow wp-block-column-is-layout-flow">
<p class="has-small-font-size wp-block-paragraph"></p>
</div>
</div>

<p>Die Zeit und ihre Fülle an Zeugnissen rast an uns vorüber, schneller als wir imstande sind wahrzunehmen, aufzunehmen und zu verarbeiten. Was geschieht mit den Dingen, die durch die Maschen unserer Aufmerksamkeit gefallen sind, uns aber dennoch prägen – unser Weltbild, unser Schönheitsbild, unsere Kultur? &hellip; <a href="http://sehnsuchtsmuseum.de/schau/katalog-3/halt-finden-in-konstanten/" class="more-link"><span>Continue reading<span class="screen-reader-text">Halt finden in Konstanten</span></span></a></p>
