{"id":8,"date":"2017-01-10T17:08:56","date_gmt":"2017-01-10T16:08:56","guid":{"rendered":"http:\/\/sehnsuchtsmuseum.de\/schau\/?page_id=8"},"modified":"2023-07-21T11:01:14","modified_gmt":"2023-07-21T09:01:14","slug":"ueber-mich","status":"publish","type":"page","link":"http:\/\/sehnsuchtsmuseum.de\/schau\/ueber-mich\/","title":{"rendered":"\u00dcber die K\u00fcnstlerin"},"content":{"rendered":"\n<blockquote class=\"wp-block-quote is-layout-flow wp-block-quote-is-layout-flow\">\n<p class=\"wp-block-paragraph\"><strong>Inka Perl<\/strong> ist kein K\u00fcnstlername, auch wenn das angesichts der \u00fcberbordenden Verspieltheit ihrer Arbeiten leicht den Anschein haben k\u00f6nnte. Tats\u00e4chlich ist sie als Person \u2013 auch ikonografisch \u2013 durchaus ein Teil ihres Werkes. Inka Perl verarbeitet ihre subjektive Weltsicht, ihre Stimmungen und Befindlichkeiten zu metaphorischen postfeministischen Kunstwerken, welche vom Pers\u00f6nlichen auf das gro\u00dfe Ganze verweisen. Ihre oft kryptischen Bilder, Assemblagen, Objekte, Schreine und Installationen sind Statements zur gegenw\u00e4rtigen Kultur in all ihren Facetten \u2013 von der bunten Oberfl\u00e4chlichkeit der Konsumwelt hin zu zwischenmenschlicher Verelendung. Sie verbindet Romantik, Retrokitsch, Neo-DADA und an Art Brut erinnernde Simplizit\u00e4t mit philosophischen Gedankenspielen, welche als Zitate und Sinnspr\u00fcche, teils im Original, teils verfremdet, in ihren Arbeiten auftauchen. Ihre fr\u00f6hlich-nostalgisch anmutende Glitter-\u00c4sthetik schafft romantische Vorh\u00e4nge, hinter denen sich d\u00fcstere Abgr\u00fcnde verbergen k\u00f6nnen.<\/p>\n<cite><em>Carsten Busse, K\u00fcnstlerkollege &amp; Kurator, Leipzig<\/em><\/cite><\/blockquote>\n\n\n\n<hr class=\"wp-block-separator has-alpha-channel-opacity\"\/>\n\n\n\n<div class=\"wp-block-buttons is-layout-flex wp-container-core-buttons-is-layout-00436373 wp-block-buttons-is-layout-flex\">\n<div class=\"wp-block-button has-custom-width wp-block-button__width-50\"><a class=\"wp-block-button__link wp-element-button\" href=\"http:\/\/www.inskopia.de\/\" target=\"_blank\" rel=\"noreferrer noopener\">Webseite der K\u00fcnstlerin <br>Inka Perl [INSKOPIA]<\/a><\/div>\n<\/div>\n","protected":false},"excerpt":{"rendered":"<p>Inka Perl ist kein K\u00fcnstlername, auch wenn das angesichts der \u00fcberbordenden Verspieltheit ihrer Arbeiten leicht den Anschein haben k\u00f6nnte. Tats\u00e4chlich ist sie als Person \u2013 auch ikonografisch \u2013 durchaus ein Teil ihres Werkes. Inka Perl verarbeitet ihre subjektive Weltsicht, ihre Stimmungen und Befindlichkeiten zu metaphorischen &hellip; <a href=\"http:\/\/sehnsuchtsmuseum.de\/schau\/ueber-mich\/\" class=\"more-link\"><span>Continue reading<span class=\"screen-reader-text\">\u00dcber die K\u00fcnstlerin<\/span><\/span><\/a><\/p>\n","protected":false},"author":1,"featured_media":0,"parent":0,"menu_order":0,"comment_status":"closed","ping_status":"closed","template":"","meta":{"_crdt_document":"","ngg_post_thumbnail":0,"footnotes":""},"class_list":["post-8","page","type-page","status-publish","hentry"],"_links":{"self":[{"href":"http:\/\/sehnsuchtsmuseum.de\/schau\/wp-json\/wp\/v2\/pages\/8","targetHints":{"allow":["GET"]}}],"collection":[{"href":"http:\/\/sehnsuchtsmuseum.de\/schau\/wp-json\/wp\/v2\/pages"}],"about":[{"href":"http:\/\/sehnsuchtsmuseum.de\/schau\/wp-json\/wp\/v2\/types\/page"}],"author":[{"embeddable":true,"href":"http:\/\/sehnsuchtsmuseum.de\/schau\/wp-json\/wp\/v2\/users\/1"}],"replies":[{"embeddable":true,"href":"http:\/\/sehnsuchtsmuseum.de\/schau\/wp-json\/wp\/v2\/comments?post=8"}],"version-history":[{"count":17,"href":"http:\/\/sehnsuchtsmuseum.de\/schau\/wp-json\/wp\/v2\/pages\/8\/revisions"}],"predecessor-version":[{"id":1648,"href":"http:\/\/sehnsuchtsmuseum.de\/schau\/wp-json\/wp\/v2\/pages\/8\/revisions\/1648"}],"wp:attachment":[{"href":"http:\/\/sehnsuchtsmuseum.de\/schau\/wp-json\/wp\/v2\/media?parent=8"}],"curies":[{"name":"wp","href":"https:\/\/api.w.org\/{rel}","templated":true}]}}